1154 a multiple of 104?
False
Is 81 a multiple of 27?
True
Is 82 a factor of 18398?
False
Is 450 a multiple of 75?
True
Is 26 a multiple of 26?
True
Is 5320 a multiple of 37?
False
Does 69 divide 5171?
False
Does 106 divide 5194?
True
Is 77121 a multiple of 427?
False
Is 31 a factor of 32798?
True
Is 34 a factor of 1598?
True
Is 17 a factor of 5984?
True
Does 53 divide 17052?
False
Is 2659 a multiple of 36?
False
Does 4 divide 250?
False
Does 20 divide 710?
False
Is 205 a factor of 8405?
True
Does 19 divide 456?
True
Does 65 divide 3705?
True
Is 14 a factor of 7267?
False
Is 1164 a multiple of 30?
False
Is 66 a factor of 85734?
True
Is 68 even?
True
Is 71769 a multiple of 141?
True
Is 2496 a multiple of 96?
True
Is 74 even?
True
Is 657 a multiple of 4?
False
Is 919 a multiple of 8?
False
Is 6256 a multiple of 68?
True
Is 1665 a multiple of 5?
True
Is 8 a factor of 541?
False
Does 3 divide 467?
False
Is 6032 a multiple of 58?
True
Is 30 a factor of 1618?
False
Is 18 a factor of 324?
True
Does 25 divide 36200?
True
Is 4706 a multiple of 247?
False
Does 46 divide 2392?
True
Is 25258 a multiple of 73?
True
Is 92 a factor of 5971?
False
Does 5 divide 700?
True
Does 46 divide 48668?
True
Does 25 divide 106?
False
Is 115 a factor of 39220?
False
Is 25493 a multiple of 10?
False
Is 5890 a multiple of 9?
False
Does 61 divide 976?
True
Does 49 divide 13328?
True
Is 126 a factor of 1522?
False
Is 35 a factor of 902?
False
Does 7 divide 5003?
False
Is 792 a multiple of 22?
True
Is 3297 a multiple of 3?
True
Is 270 a factor of 100202?
False
Does 6 divide 1192?
False
Is 2191 a multiple of 95?
False
Is 134 a multiple of 2?
True
Does 16 divide 448?
True
Does 3 divide 189?
True
Is 13219 a multiple of 61?
False
Is 15657 a multiple of 17?
True
Is 17 a factor of 1967?
False
Is 65 a factor of 3628?
False
Is 59 a factor of 1711?
True
Is 65470 a multiple of 7?
False
Is 840 a multiple of 21?
True
Is 49 a factor of 602?
False
Is 5 a factor of 2535?
True
Is 58 a factor of 3538?
True
Is 48130 a multiple of 16?
False
Is 7966 a multiple of 16?
False
Is 120 even?
True
Does 25 divide 4819?
False
Does 4 divide 862?
False
Is 14 a factor of 899?
False
Does 6 divide 1168?
False
Is 61370 a multiple of 85?
True
Is 37 a factor of 9037?
False
Is 36 a factor of 3517?
False
Is 2209 a multiple of 5?
False
Is 22041 a multiple of 69?
False
Is 1195 a multiple of 5?
True
Is 1904 a multiple of 119?
True
Does 198 divide 47654?
False
Is 3822 a multiple of 26?
True
Does 100 divide 2700?
True
Is 47489 a multiple of 273?
False
Does 10 divide 11140?
True
Does 10 divide 43?
False
Is 185400 a multiple of 20?
True
Is 1592 a multiple of 38?
False
Is 3380 a multiple of 10?
True
Is 9 a factor of 11223?
True
Does 45 divide 107255?
False
Is 28195 a multiple of 343?
False
Does 15 divide 3510?
True
Is 51 a factor of 561?
True
Is 29922 a multiple of 31?
False
Is 26 a factor of 8580?
True
Does 47 divide 705?
True
Is 131 a factor of 4192?
True
Is 1102 a multiple of 23?
False
Does 58 divide 1450?
True
Is 12 a factor of 14451?
False
Is 12 a factor of 1629?
False
Is 44 a factor of 45?
False
Does 89 divide 34912?
False
Is 19 a factor of 3097?
True
Is 37536 a multiple of 136?
True
Does 4 divide 452?
True
Is 61 a factor of 15410?
False
Is 2 a factor of 85?
False
Is 2622 a multiple of 19?
True
Is 71 a factor of 22195?
False
Is 27 a factor of 1766?
False
Does 4 divide 408?
True
Is 2 a factor of 4113?
False
Is 17784 a multiple of 76?
True
Does 2 divide 117?
False
Does 21 divide 4669?
False
Is 451 a multiple of 37?
False
Is 52 a factor of 50563?
False
Does 25 divide 8668?
False
Does 243 divide 22356?
True
Does 48 divide 28196?
False
Is 21 a factor of 13543?
False
Is 618 a multiple of 13?
False
Does 5 divide 175?
True
Is 20064 a multiple of 12?
True
Is 27 a factor of 74?
False
Is 37 a factor of 38147?
True
Does 86 divide 4384?
False
Does 19 divide 133?
True
Is 12 a factor of 422?
False
Does 26 divide 688?
False
Does 48 divide 10608?
True
Is 19160 a multiple of 20?
True
Is 1977 a multiple of 73?
False
Is 75 a factor of 2550?
True
Is 207 a multiple of 2?
False
Does 9 divide 6720?
False
Does 21 divide 882?
True
Is 8 a factor of 799?
False
Is 3 a factor of 66?
True
Is 21312 a multiple of 59?
False
Is 10 a factor of 180?
True
Is 11 a factor of 254?
False
Is 20 a factor of 1800?
True
Does 275 divide 117425?
True
Is 703 a multiple of 37?
True
Is 17293 a multiple of 23?
False
Is 350 a multiple of 70?
True
Is 66724 a multiple of 19?
False
Is 148 a factor of 37027?
False
Is 1564 a multiple of 17?
True
Is 49 a factor of 14553?
True
Is 44 a multiple of 5?
False
Is 16 a factor of 4944?
True
Does 41 divide 391?
False
Does 12 divide 27565?
False
Does 2 divide 406?
True
Is 1903 a multiple of 11?
True
Does 2 divide 103?
False
Is 51 a factor of 48795?
False
Does 16 divide 304?
True
Is 418 a multiple of 14?
False
Is 12 a factor of 468?
True
Is 42 a factor of 7017?
False
Does 76 divide 81624?
True
Is 2 a factor of 248?
True
Is 5 a factor of 873?
False
Does 109 divide 2616?
True
Is 5433 a multiple of 44?
False
Is 23 a factor of 5247?
False
Is 504 a multiple of 18?
True
Is 76 a factor of 29716?
True
Is 45 a factor of 945?
True
Does 64 divide 269?
False
Is 21 a factor of 7275?
False
Is 118 a multiple of 9?
False
Does 11 divide 144?
False
Does 7 divide 3128?
False
Is 94 a factor of 94?
True
Is 43 a factor of 9819?
False
Does 23 divide 27175?
False
Is 10 a factor of 47?
False
Is 19 a factor of 1708?
False
Does 66 divide 3222?
False
Is 12513 a multiple of 52?
False
Is 20761 a multiple of 17?
False
Does 27 divide 141892?
False
Is 18 a factor of 136957?
False
Is 63 a factor of 667?
False
Is 4520 a multiple of 5?
True
Does 6 divide 20?
False
Is 58 a factor of 28884?
True
Is 23 a factor of 115?
True
Is 416 a factor of 61146?
False
Is 81 a factor of 7207?
False
Is 32 a factor of 38720?
True
Is 226 a factor of 18532?
True
Does 39 divide 820?
False
Does 13 divide 18304?
True
Is 41154 a multiple of 38?
True
Is 15 a factor of 4646?
False
Does 25 divide 21781?
False
Is 3179 a multiple of 88?
False
Is 23 a factor of 117?
False
Is 1191 a multiple of 102?
False
Does 101 divide 2435?
False
Does 40 divide 31480?
True
Does 14 divide 4083?
False
Is 10 a factor of 292?
False
Is 24 a factor of 782?
False
Does 5 divide 1225?
True
Does 31 divide 406?
False
Does 35 divide 28559?
False
Does 35 divide 12390?
True
Does 39 divide 455?
False
Is 78 a factor of 4134?
True
Is 868 a multiple of 20?
False
Is 17501 a multiple of 73?
False
Does 54 divide 972?
True
Does 41 divide 18476?
False
Does 23 divide 4728?
False
Is 64 a factor of 6656?
True
Is 1206 a multiple of 11?
False
Does 9 divide 2358?
True
Is 5 a factor of 528?
False
Is 47741 a multiple of 50?
False
Does 22 divide 16280?
True
Does 11 divide 55?
True
Does 29 divide 870?
True
Is 3 a factor of 1141?
False
Is 46 a factor of 1472?
True
Does 40 divide 680?
True
Does 5 divide 865?
True
Does 59 divide 5137?
False
Does 9 divide 819?
True
Does 15 divide 766?
False
Does 36 divide 71584?
False
Is 9 a factor of 352?
False
Is 52 a factor of 71?
False
Does 3 divide 63?
True
Is 81 a factor of 4897?
False
Is 7032 a multiple of 24?
True
Is 1628 a multiple of 14?
False
Is 17 a factor of 948?
False
Is 86 a factor of 2924?
True
Does 8 divide 512?
True
Is 9 a factor of 1530?
True
Is 44 a factor of 10375?
False
Is 31 a factor of 1488?
True
Is 951 a multiple of 18?
False
Is 23 a factor of 337?
False
Does 46 divide 4600?
True
Is 18 a factor of 8244?
True
Does 24 divide 2463?
False
Does 87 divide 870?
True
Is 427 a factor of 39572?
False
Does 27 divide 783?
True
Is 24073 a multiple of 19?
True
Does 14 divide 46733?
False
Is 4677 a multiple of 14?
False
Does 138 divide 44022?
True
Is 29 a factor of 1856?
True
Does 34 divide 816?
True
Does 38 divide 2840?
False
Is 176 a factor of 23056?
True
Is 13 a factor of 726?
False
Does 32 divide 8626?
False
Is 207 a multiple of 92?
False
Is 444 a multiple of 37?
True
Does 87 divide 234?
False
Does 174 divide 29580?
True
Is 11 a factor of 132?
True
Is 49 a factor of 9212?
True
Does 28 divide 3305?
False
Is 216 a multiple of 8?
True
Is 6 a factor of 426?
True
Is 20 a factor of 120?
True
Is 6 a factor of 31571?
False
Is 11 a factor of 257?
False
Is 18 a factor of 90090?
True
Does 42 divide 23856?
True